*x + 6. What is g(o)?
-8
Let p(a) = -a**3 + 7*a**2 - 2*a - 1. Let b = 18 - 7. Suppose 2*w - 3 - b = 0. Determine p(w).
-15
Suppose 5*o + 14 = 3*o. Let p(a) = -a**2 + 5. Let h(b) = -b. Let s(i) = 6*h(i) + p(i). Give s(o).
-2
Let r(t) be the second derivative of 0*t**2 + 5*t + 1/6*t**3 - 1/20*t**5 + 0 - 1/3*t**4. Let j be 1/3*(-60)/(-1 + 5). Give r(j).
20
Let y(a) = a**2 - 66 + 14*a - 29 + 4*a + 85. Give y(-18).
-10
Let v(c) = 17*c + 1. Let w(u) = 34*u + 1. Let a(b) = 5*v(b) - 3*w(b). Let x = 10023 + -10022. Calculate a(x).
-15
Let a be (0 - 4)*2 - -3*(3 - 2). Let j(h) = -4*h**2 - 10*h + 5. Give j(a).
-45
Let z(h) = -8*h + 13. Suppose -135*w + 82*w = 123*w - 880. Calculate z(w).
-27
Let r(w) = -w**2 + 0*w + 3 - 5*w + 0*w. Suppose 5*y - 5*f = 45, 3*y + 2*y - 45 = -4*f. Let q be y/((-189)/112) + 2/6. What is r(q)?
3
Suppose 12 = -4*g, -2*p = -0*g + g - 7. Suppose -u - p*y = u - 18, 9 = u - 4*y. Let l(i) = i - 4. What is l(u)?
5
Suppose -14 = 5*k + 2*g + 11, 0 = 3*g + 15. Let x(w) = -5*w - 26. Calculate x(k).
-11
Let k(l) = l**2 + 22*l - 18. Let f(j) = -j**2 - 20*j + 16. Let t(r) = -11*f(r) - 10*k(r). Let v = 8 + -6. Let i = 5 - v. Determine t(i).
13
Let q(a) = -36 - 28 - 139*a - 38 + 145*a. Determine q(16).
-6
Let z = -26721 - -26720. Let h(a) = 10*a**2 + 11*a - 13. Let i(k) = 5*k**2 + 6*k - 7. Let c(n) = -6*h(n) + 11*i(n). Determine c(z).
-4
Let t = 194 - 182. Let y(b) be the third derivative of b**6/120 - b**5/5 - b**4/24 + 5*b**3/3 - 57*b**2. What is y(t)?
-2
Let z(y) = y**3 - 5*y**2 - 6*y - 10. Let p be z(6). Let x be ((-6)/4)/(2/(6 + p)). Let j(v) = -2*v**2 + 4*v - 1. Determine j(x).
-7
Let v(f) = 8*f**3 - 2*f**2 + 33*f - 12. Let l(s) = 7*s**3 + 32*s - 9. Let n(c) = 7*l(c) - 6*v(c). Determine n(-6).
69
Let h(j) be the first derivative of j**3/3 + 5*j**2/2 + 9*j + 73. Determine h(-3).
3
Let z(x) be the first derivative of 1/2*x**2 - 45 - 13*x. Let w(r) = r + 9. Let g be w(0). Give z(g).
-4
Let z(s) = 2*s**2 + 1 - s**2 + 1070*s + 3 - 1066*s. Let f(t) = t**2 + 11*t + 6. Let w be f(-8). Let i = -21 - w. Give z(i).
1
Let v(u) be the third derivative of 1/60*u**5 + 0*u + 0 - 109*u**2 - 7/3*u**3 + 7/12*u**4. Determine v(-15).
1
Let w(a) = -a**3 + 3*a**2 - 2*a + 2. Let s(m) = -m**2 - 2*m + 2. Let c be s(0). Suppose -r + 37 = 2*r + 5*x, 0 = 3*r - c*x - 2. Suppose 6 - r = u. Give w(u).
2
Let p(a) = 12097 - 32*a - 5930 - 6012. Give p(5).
-5
Let o = -875 - -878. Let j(y) = 2*y**3 + 2*y**2 - 8*y + 1. Let g(d) = 5*d**3 + 4*d**2 - 23*d + 3. Let t(q) = o*g(q) - 8*j(q). What is t(-3)?
7
Let m = -35 - -35. Let q = -5 - -7. Let j(o) = -1 - 16*o**3 + 17*o**3 - o**q - 12*o + 13*o. What is j(m)?
-1
Let r(l) = -10*l. Suppose 24*w = 22*w - 140. Suppose -360 = 14*a - 19*a. Let i = w + a. Give r(i).
-20
Let g(b) = 2*b**3 - 5*b**2 - b - 4. Let z be g(3). Let p be -4 + (-230)/(-70) - z/7. Let y(w) = -5*w**2 + 2*w + 1. Give y(p).
-6
Let m(x) = -x**2 + 8*x - 5. Let j be m(7). Let t = -70 + 71. Let i(f) = -f + 2 - j + 4 - t. What is i(0)?
3
Suppose 4*w - 3*w = 6. Let o(t) = -13*t**2 + 8*t - 7. Let n(c) = 19*c**2 - 8*c + 9. Let f(d) = 2*n(d) + 3*o(d). Give f(w).
9
Let m(r) = -2*r**2 - r + 1. Let u be 5/(-15)*(-3 + 24/(-8)). Let w(a) = a - 1. Let t = -1 + 2. Let o(b) = t*m(b) + u*w(b). Calculate o(1).
-2
Let q(k) = -7*k**2 - 16*k - 1. Suppose -3*t - 15 = 3*a, 5 = 3*a - 7*a + t. What is q(a)?
3
Let g(v) = 4*v - 34. Suppose 2*q + 12*q + 154 = 0. Calculate g(q).
-78
Let f(g) = -g + 10. Suppose -5*z + 0*z = 2*m - 251, -3*z + 467 = 4*m. Let i = m - 95. Suppose -i = -2*d + 6. Give f(d).
-2
Let f(w) = 6*w - 9*w - 7*w - 4*w. Suppose 407 - 406 = -3*j - u, 5*j - 13 = 2*u. What is f(j)?
-14
Let v(s) = -13742*s**3 + 10*s + 3*s + 13743*s**3 + 7 + s + 6*s + 6*s**2. Determine v(-6).
-113
Let s be 0/(3*4/12). Suppose s = 2*t + 2*t + 4, 3*c = -5*t + 22. Suppose 0 = -2*m - c*m. Let f(d) = d**3 - d**2 - 6. Calculate f(m).
-6
Let y = -54 - -44. Let r be 7 + y + 3 + 0. Let m(s) = -13*s - 9*s - 17*s - 3 + 40*s. Give m(r).
-3
Let b be 12 + 41/(410/(-120)). Let r(p) = -p - 58. Give r(b).
-58
Let d(o) be the first derivative of 8*o - 8/3*o**3 - 9/2*o**2 + 326 - 1/4*o**4. Give d(-7).
22
Suppose -w - 4*a = -41, 2 = -2*a + 12. Let x be (18 - w) + 3*1. Let p be (x - 2)*13/26. Let b(n) = 8*n**2 - n - 1. Calculate b(p).
8
Suppose 13*r - 10*r - 61 = y, 0 = -2*r - 5*y + 52. Let j(x) = -9*x - x**2 - 3 + r*x - 5*x - 14*x. What is j(-6)?
3
Let g(j) = -j**2 - 7. Let c(m) = -32*m**3 - m**2. Let b = -30 - -31. Let a be c(b). Let l be (0 - 0)*(-11)/a. Calculate g(l).
-7
Let l = 3274 - 3282. Let g(p) = p**2 + 7*p - 3. Calculate g(l).
5
Let b(z) = -z + 9. Suppose q = 3*c + 3*q + 312, 5*c = 2*q - 520. Let p = -114 - c. Let x be 0/(1/(-5) - (-18)/p). What is b(x)?
9
Let l(n) = -n**3 + 12*n**2 + 4*n - 14. Let z be l(12). Suppose z = 3*c + 1. Let t(x) = -x**3 + 10*x**2 + 11*x + 10. Determine t(c).
10
Let u(y) = y**2 - 15*y - 45. Let r = -7244 - -7260. Give u(r).
-29
Let o(h) = -h**2 + 4*h - 4. Suppose 0 = -2*k - k - 4*m + 905, 3*k = -m + 899. Let a = k + -297. What is o(a)?
0
Let p(l) = 5*l**2 + l**3 - 2*l - 2*l**3 + 7*l. Let n be (-45)/(-20) + (38/8 - 4). Suppose 5*y = n*i + 45, -3 = -4*y - 2*i + 11. What is p(y)?
-6
Let w(j) = 12 - 10 - 125*j - 9 + 95*j. Give w(-1).
23
Let x(t) = -10*t**2 + 125*t + 16. Let s(h) = 9*h**2 - 112*h - 15. Let d(u) = 9*s(u) + 8*x(u). Calculate d(5).
-22
Let g be 0/(4 - 1 - 2). Let n(k) = 12*k**2 + 5*k - 9. Let r(i) = -5*i**2 - 2*i + 5. Let m(c) = 3*n(c) + 7*r(c). Determine m(g).
8
Let o(i) = i + 55. Suppose 124*n = 115*n. Give o(n).
55
Suppose 2*g - 64 = -2*g. Let w(c) = -g*c + 7*c + 6*c + 0*c**2 - 1 + c**2. What is w(5)?
9
Let z(h) = -2*h - 4. Suppose 0*c = 2*c - 104. Let w be (-22)/(-77) + c/14. Suppose 5*b + 4*t = -32, -2*b + 11 = -w*b - t. Determine z(b).
4
Let h(w) = 7*w + 2. Let g be h(0). Suppose 0 = 4*u - l + 69, 23 = -4*u + g*l - 47. Let j(s) = s + 16. What is j(u)?
-1
Let n(b) be the second derivative of -1/20*b**5 - 1/3*b**3 + 0 + 1/12*b**4 + 13*b + 3/2*b**2. Suppose 5*r = 5 + 5. Give n(r).
-5
Let h be ((-30)/3)/(3/(6/(-4))). Suppose 3*d + h = -j, -5*j - 3*d + 2 = -9. Suppose 2*y = -4*z + 4, -j - 2 = -3*y + 2*z. Let r(c) = -c. Calculate r(y).
-2
Let r(c) = -272 + 126 + 11*c**2 + 10*c**3 + 135 - 17*c - 11*c**3. Determine r(8).
45
Let c be (4 - 4)/(4 + -4 + -1). Suppose 1 = 3*f + 3*u - 2, c = 2*f - 2*u - 22. Let w(g) = -6 - 6*g**2 - g + 6 + 8 + g**3. Calculate w(f).
2
Let i = -9 - -13. Let s(u) be the third derivative of -11*u**4/24 + 2*u**3/3 + u**2 + 1512*u - 2. Give s(i).
-40
Let u(w) = -2*w**2 + 3*w + 6. Let a = 20231 - 20229. Calculate u(a).
4
Let l(w) be the first derivative of 1/3*w**3 - 2*w**2 - 1 + w. Suppose -24 = -13*r + r. Calculate l(r).
-3
Let h(m) be the second derivative of -7/2*m**2 + 1/2*m**3 + 0 + 3*m - 5/12*m**4 + 1/20*m**5. Let l(a) = -a**2 - 12*a + 33. Let p be l(-14). Give h(p).
8
Let u(w) be the third derivative of w**4/4 - w**3/3 - 23*w**2. Let g(p) = 5*p - 2. Let h(i) = 7*g(i) - 6*u(i). Calculate h(5).
-7
Suppose -28*h + 93*h - 65 = 0. Let m(o) = -136*o + 4. Calculate m(h).
-132
Let v be 18/45 + (-4392)/(-20). Let y(q) = -3 + q - 8*q + 4 + v*q**2 - 221*q**2. Give y(-7).
1
Let p(r) be the second derivative of 7*r**3/6 + 63*r**2/2 + 8573*r. Calculate p(-9).
0
Suppose -91*p - 12 = -87*p. Let c(n) = -n**2 - 2*n - 4. Let v(u) = -2*u**2 - u - 4. Let q(z) = p*c(z) + 2*v(z). Suppose g - 3*g = -8. Calculate q(g).
4
Let g(j) be the third derivative of -j**6/120 + 17*j**5/60 + j**4/12 - j**3/2 + 2286*j**2. Determine g(17).
31
Let h = -298 - -291. Let r(l) = 9*l**2 - 12*l - 5. Let a(c) = -4*c**2 + 5*c + 2. Let i(k) = h*a(k) - 3*r(k). Calculate i(5).
31
Let b(o) be the second derivative of -o**4/12 - o**3/2 + 3*o**2/2 - 124*o - 2. Calculate b(-4).
-1
Let j = -1908 - -1899. Let w(t) = -11*t - 104. Give w(j).
-5
Let u(l) = -3*l - 85. Let a(m) = -2*m - 52. Let q(k) = -10*a(k) + 6*u(k). Determine q(6).
22
Let r(x) be the third derivative of x**4/24 - 9*x**2. Let t = -72 + 76. Determine r(t).
4
Let r(s) = -124*s**2 + 5580*s. Let o be r(45). Let l(m) be the third derivative of -5/24*m**4 + 9*m**2 + 2/3*m**3 + o + 0*m. What is l(3)?
-11
Let o(y) = y - 1. Let j(p) = p**3 - 10*p**2 + 21*p + 1. Let v be -83 - ((-4)/(-6))/(1/3). Let k = 92 + v. Let i be j(k). Calculate o(i).